et j(n) = 4*n + 8. Let f be j(-2). Suppose 14*u - 29*u + 2640 = f. List the prime factors of u.
2, 11
Suppose -2*g - 245 = 23*x - 26*x, 2*x + 3*g - 172 = 0. Suppose 5*m + 2*y - x = 6427, 3*m + 4*y - 3906 = 0. What are the prime factors of m?
2, 3, 7, 31
Let x = -61612 + 111105. What are the prime factors of x?
43, 1151
Suppose 0*x + 154180 = 5*x - 5*f, -3*f - 21 = 0. List the prime factors of x.
30829
Suppose -53*r + 409566 + 605895 = 350788. What are the prime factors of r?
12541
Let x(p) = 4*p**3 - 28*p**2 - 12*p - 177. What are the prime factors of x(17)?
7, 1597
Suppose 5*n = -4*c + 218 + 228, c - 262 = -3*n. Suppose 0 = -4*y + 5*b - 3*b + 148, 4*b = 2*y - n. Suppose -f + 122 = y. What are the prime factors of f?
3, 29
Let x = 77 - 80. Let i(v) = -28*v - 13. List the prime factors of i(x).
71
Let s = 45473 + -20623. What are the prime factors of s?
2, 5, 7, 71
Let l = -6118 + 17345. What are the prime factors of l?
103, 109
Let y(x) = -137*x - 811. What are the prime factors of y(-50)?
3, 11, 61
What are the prime factors of ((-45)/10)/(2/4) - -3344?
5, 23, 29
Suppose 60*y = -140517 + 1428717. List the prime factors of y.
2, 5, 19, 113
Let y be 3/(273/(-26)) - 892/14. Let i = y + 445. What are the prime factors of i?
3, 127
Let w(x) = 97*x**3 - 15*x**2 + 45*x - 326. What are the prime factors of w(8)?
2, 3, 8123
Suppose 145*i - 8633184 = -191*i. List the prime factors of i.
2, 29, 443
Suppose -3*s = -5*m + 64317, 7*m + 64311 = 12*m - 4*s. List the prime factors of m.
3, 4289
Suppose -6*b - 18 - 18 = 0. Let u(c) be the first derivative of c**3/3 + c**2 - 11*c + 4. What are the prime factors of u(b)?
13
Let h be 30/21 - 33/77 - -3. Suppose 4*a - d = 621, 2*d - 636 = -h*a - 2*d. List the prime factors of a.
2, 3, 13
Suppose 41 = 3*t - 8*t + 4*s, 5*s + 50 = -5*t. Let d(q) = q**3 + 11*q**2 + 13*q + 24. Let y be d(t). Let a = y + -36. List the prime factors of a.
3, 11
Suppose -56*y + 144371 + 23741 = 0. List the prime factors of y.
2, 19, 79
Suppose 0*x - 5*x + 7905 = 0. Suppose -4*v = -2*g + 2538 + 612, g + x = -2*v. List the prime factors of v/(-12) + (-3)/4.
5, 13
Suppose s - 39 = -2*s. Suppose -78 = 10*j - s*j. Suppose 3*r - j = -11. List the prime factors of r.
5
Suppose -161*r + 348568 = 169*r - 313*r. List the prime factors of r.
2, 11, 233
Suppose 30 = -5*j - 40. Let s(q) = -40*q - 196. What are the prime factors of s(j)?
2, 7, 13
Let c = 1 + -1. Suppose -2*b + 5*d - 135 = 120, c = 4*b + 3*d + 575. List the prime factors of (27/(-2))/(21/b).
2, 3, 5
Let y(c) = 100*c + 55. Let s be y(7). Let a = s + -252. List the prime factors of a.
503
Let p(q) = q**2 - 16*q + 29. Let g be p(15). Suppose -4*o - 4*y + 7*y = g, -4*y + 2 = 3*o. What are the prime factors of (136/(-6))/(o/6)?
2, 17
Let m be (536/(-20))/(-1 - (-145)/150). What are the prime factors of (-46 + 41)*m/(-10)?
2, 3, 67
Let o = -306 - -161. Let n = 350 + -128. Let z = n + o. What are the prime factors of z?
7, 11
Let v(d) = -7*d**3 + 4*d**2 - d - 47. Let p be v(-6). Let r = p - 947. List the prime factors of r.
2, 167
Suppose -6*r = -178 - 878. Let s be (r/(-12))/(-11) + (-4)/(-6). List the prime factors of (1331/22)/(1/s).
11
Let k be 2096/20*25/(-5). Let l = -816 - k. Let q = -22 - l. List the prime factors of q.
2, 3, 5
Let y(q) = q**3 + 12*q**2 - 2*q - 21. Let a be y(-12). Suppose 4*f - 2*f - 229 = -5*j, 3*j = a*f + 129. List the prime factors of j.
3, 5
Let z(r) be the third derivative of -23*r**6/40 + r**5/30 + r**4/24 + r**3/6 - 6*r**2 + 14. What are the prime factors of z(-2)?
13, 43
Let z = 20 + -17. Let d = -151 + 223. Let c = d + z. List the prime factors of c.
3, 5
Let n(f) = 48086*f - 807. What are the prime factors of n(1)?
47279
Let j = -353 + 355. Suppose 2*x - j = 0, 4*y + 3*x = 2*x + 1293. What are the prime factors of y?
17, 19
Let o(m) = -24342*m**3 - 14*m**2 - 8*m + 1. What are the prime factors of o(-1)?
24337
Let w = 15318 - 2257. What are the prime factors of w?
37, 353
Let s(l) = -5296*l - 3546. List the prime factors of s(-6).
2, 3, 5, 941
Let z be (50/6 - 5)*3/2. Suppose -w - 1 = 5*j, 4*j + w = -4*w - z. Suppose -4*u + 3*u - 3*d = -126, j = -3*u - 5*d + 358. List the prime factors of u.
3, 37
Suppose 8*g - 5*g = 5*d + 31221, -4*g - 5*d = -41558. What are the prime factors of g?
37, 281
Let b(g) = 379*g**2 + 13*g - 2. Let f be b(2). Suppose -9*d + 4168 = f. What are the prime factors of d?
2, 73
Let q(r) = -16*r + 8*r + 5*r - 7. Let g be q(-3). Suppose -g*v - 3*v + 4*o = -351, 0 = -5*v + o + 339. What are the prime factors of v?
67
Suppose -17*n + 22404 = -13*n. List the prime factors of n.
3, 1867
Let o(k) = k**3 - 4*k**2 - 8*k + 7. Let p be o(5). Let h(i) = i**3 + i**3 - 8*i**2 - 7*i + 0 - 6 - 3*i**3. What are the prime factors of h(p)?
2, 5
Let o(v) be the third derivative of 37*v**5/60 - 5*v**4/24 - 3*v**3/2 + 168*v**2. List the prime factors of o(4).
563
Suppose 4*k - 14 = 2*d - 5*d, -3*d = 3*k - 9. Let g(a) = a + 4. Let o be g(d). Suppose -200 = -o*t - 24. What are the prime factors of t?
2, 11
Let v be (24 - -6)*(-20)/8. Let r = v - -72. List the prime factors of 277 - (r + (-1 - -4)).
277
What are the prime factors of ((-77358)/(-10) + (-2 - -1))/((-15)/(-75))?
2, 61, 317
Suppose 15*a + 177*a + 52*a = 3875696. What are the prime factors of a?
2, 11, 19
Let l(z) = 4*z. Let w be l(2). Let u = -28 + w. List the prime factors of (u/(-7))/((-40)/(-700)).
2, 5
Let v(a) = 9*a**2 - 23*a - 544. What are the prime factors of v(-18)?
2, 7, 199
List the prime factors of 9/(-3)*((-1233)/(-54)*-782 - 4).
131, 409
Let f = -6820 - -18387. List the prime factors of f.
43, 269
Let c be 0 - (-2)/11 - 7936/88. Let f = -89 - c. List the prime factors of (9/(6 + 3))/(f/34).
2, 17
Suppose -16 = 4*x, o = x - 3 + 21. Suppose -4598 = -o*d + 2920. List the prime factors of d.
3, 179
Suppose 4*v - 3*d + 8 = 62, 3*v = 4*d + 44. Suppose -875 = -v*r + 11*r + i, 2*r - 1785 = -5*i. What are the prime factors of r?
2, 5, 11
Let w(l) = 3*l**3 - 11*l**2 + 58*l - 246. What are the prime factors of w(13)?
2, 5, 131
Let w = -7371 + 13150. List the prime factors of w.
5779
Suppose 0 = -26*d + 17*d + 55386. What are the prime factors of d?
2, 17, 181
Let d(b) = 189*b + 36. Let g(r) = -188*r - 39. Let l(v) = -5*d(v) - 4*g(v). What are the prime factors of l(-4)?
2, 11, 17
Let o = 2520 + 2056. List the prime factors of o.
2, 11, 13
Let a = 58340 - -11865. List the prime factors of a.
5, 19, 739
Let j(k) = 7*k**2 - 112*k - 6328. What are the prime factors of j(82)?
2, 7, 23
What are the prime factors of 6606874/157 - (2 + 18)?
2, 21031
List the prime factors of 8*117630/40 - -17.
13, 1811
Let h(c) = -c**2 + 10*c - 24. Let s be h(9). List the prime factors of s/(-20) + 0 - 9399/(-12).
2, 7
Let m = 420 + -1271. Let b = -494 - m. What are the prime factors of b?
3, 7, 17
Let y be ((-12)/10)/(6/(-705)). Suppose 5*v + 84 = -y. List the prime factors of (-30)/v + 148/3.
2, 5
List the prime factors of (-2 + 16 - -354)*(-1085)/(-20).
2, 7, 23, 31
Suppose -13*r + 16*r - l - 134908 = 0, 4*r - 179864 = -2*l. What are the prime factors of r?
2, 7, 11, 73
Suppose 11*f - 1 = 10*f, 2*m = 5*f + 67313. What are the prime factors of m?
97, 347
What are the prime factors of 45411/12 - ((-27)/4 - -7)?
2, 11, 43
Let g = -756 - -3938. List the prime factors of g.
2, 37, 43
Let q = -30 - -34. Suppose 0 = -p - 5*x + 336, -q*p + x - 411 + 1671 = 0. List the prime factors of (-1)/(3 + (-950)/p).
2, 79
Suppose -5*g + 4*k + 801 = -1149, 0 = k + 5. Let y = 1457 - g. List the prime factors of y.
3, 7, 17
Let j be ((-93)/(-2))/((-18)/(-240)). Suppose -5*x = -0*x - j. Let v = x - 10. List the prime factors of v.
2, 3, 19
Suppose 8*w - 1770 = 2*w. Let l = -356 + 205. Let x = w + l. What are the prime factors of x?
2, 3
Let f = 12157 - 6664. Suppose 9*m + 831 = f. List the prime factors of m.
2, 7, 37
Suppose 0 = s + q - 1, -q + 0 = 1. Let x(i) = -16*i - 20. Let l be x(7). Let m = s - l. What are the prime factors of m?
2, 67
Suppose -4*g - 3*b + 1368 = -992, 5*g - 2*b - 2950 = 0. Let d = g + -33. List the prime factors of d.
557
Suppose 10*u + 220927 = -13*u + 956375. What are the prime factors of u?
2, 7, 571
Suppose -28524 + 99048 = 9*o. List the prime factors of o.
2, 3, 653
Suppose 0 = 14*u - 19*u + 45. Suppose -3